{"id":1406,"date":"2021-12-13T17:35:15","date_gmt":"2021-12-13T16:35:15","guid":{"rendered":"https:\/\/one-page-copymedia.com\/jacques-guiset\/?post_type=product&#038;p=1406"},"modified":"2021-12-13T17:36:41","modified_gmt":"2021-12-13T16:36:41","slug":"les-jalons-du-temps","status":"publish","type":"product","link":"https:\/\/one-page-copymedia.com\/jacques-guiset\/produit\/les-jalons-du-temps\/","title":{"rendered":"LES JALONS DU TEMPS"},"content":{"rendered":"<div class=\"wpb_text_column wpb_content_element resume\">\n<div class=\"wpb_wrapper\">\n<div class=\"wpb_text_column wpb_content_element resume\">\n<div class=\"wpb_wrapper\">\n<div class=\"wpb_text_column wpb_content_element resume\">\n<div class=\"wpb_wrapper\">\n<div class=\"wpb_text_column wpb_content_element resume\">\n<div class=\"wpb_wrapper\">\n<div class=\"wpb_text_column wpb_content_element resume\">\n<div class=\"wpb_wrapper\">\n<div class=\"wpb_text_column wpb_content_element  resume\">\n<div class=\"wpb_wrapper\">\n<p>Tout \u00e9crit met souvent en sc\u00e8ne le temps et l\u2019espace avec des personnages dans lesquels on s\u2019identifie un peu, beaucoup ou pas du tout. Le premier titre qui me venait \u00e0 l\u2019esprit \u00e9tait d\u2019illustrer l\u2019espace en prenant comme titre de cet essai \u00ab\u00a0<strong><em>Le vertige et le labyrinthe\u00a0\u00bb<\/em><\/strong>\u00a0 parce que l\u2019homme adore finalement se faire peur avec la hauteur, le vide, l\u2019inconnu et le noir*, et que l\u2019homme adore tout autant se perdre dans l\u2019espace horizontal ou vertical, voire, pour y introduire notre humanit\u00e9, un titre plus chaleureux comme <strong><em>\u00ab\u00a0Le vertige au c\u0153ur\u00a0\u00bb,<\/em><\/strong> parce que l\u2019homme ne fait rien de grand sans y mettre son affectivit\u00e9 et tout risquer sur un regard, sur une \u00e9motion, voire mieux encore<strong> \u00ab\u00a0<em>Vertigo\u00a0\u00bb <\/em><\/strong>plus simplement parce que \u00a0l\u2019illusion des sens\u00a0 dans un espace terrestre de plus en plus virtuel supprime tellement vite nos anciens rep\u00e8res<\/p>\n<p>Mais ni le vertige ni le labyrinthe n\u2019int\u00e8grent le temps et sa cadence qui nous d\u00e9clinent en g\u00e9n\u00e9rations et en civilisations successives. C\u2019est pourquoi, si le<strong> \u00ab\u00a0<em>Sexual Dizzy of human being\u00a0\u00bb <\/em><\/strong>\u00e9tait s\u00e9duisant, tous les vivants n\u2019ayant qu\u2019une ambition, celle de se reproduire \u00e0 l\u2019infini, il \u00e9tait imp\u00e9ratif de trouver un mot qui unisse le monde dans sa complexit\u00e9 et sa cr\u00e9ation, un mot que personne ne r\u00e9cuse.<\/p>\n<p>J\u2019avais not\u00e9 comme vous que personne ne se plaint de son intelligence, ce qui est sans doute le d\u00e9nominateur commun incontest\u00e9 de tout ce qui nous entoure, processus, sciences et \u00eatres, ce qui explique ce choix du verbe\u00a0\u00ab\u00a0\u00eatre\u00a0\u00bb au mode imp\u00e9ratif, \u00ab\u00a0soyez\u00a0\u00bb\u00a0accompagn\u00e9 pour une fois d\u2019un mot partag\u00e9 par tous et qui n\u2019implique aucune n\u00e9cessit\u00e9 morale, l\u2019intelligence.<\/p>\n<p>C\u2019est en pensant \u00e0 la suggestion\u00a0 qui me fut faite de produire ces mots de vie et ces rappels d\u2019histoire dans un texte court de 100 pages, \u00e9crit en peu de jours pour la coh\u00e9rence du propos,\u00a0 avec un peu de\u00a0 philosophie au deuxi\u00e8me degr\u00e9, pas de morale, un peu de tragique comme dans toute existence, de l\u2019espoir \u00e0 la mani\u00e8re de Malraux, sans les cieux qui nous encombrent, ni \u00e0 fortiori sans esprit doloriste p\u00e9nitentiel, sous une forme de dialogue int\u00e9rieur ou multiple, sans fard et sans rituel.<\/p>\n<p>Supprimer cette fausse dualit\u00e9 du corps et de l\u2019esprit, tout en sugg\u00e9rant cette pr\u00e9sence interrogative du sens, est donc l\u2019ambition de ce m\u00e9moire.<\/p>\n<p>Je ne sais si cet essai y est parvenu. En tout \u00e9tat de cause, je souhaite \u00e0 mon lecteur, une approche indulgente et d\u00e9cal\u00e9e dans un d\u00e9dale volontaire de pens\u00e9es \u00e9parses dont il aura \u00e0 retisser le fil de l\u2019argonaute, du quai d\u2019embarquement au dernier ponton situ\u00e9 devant lui.<\/p>\n<p>L\u2019arriv\u00e9e ou la fin ne s\u2019\u00e9crit pas, elles surviennent un jour sans que rien de fondamental ne change hormis la pr\u00e9sence qui devient absence et <strong>le fini qui devient infini.<\/strong><\/p>\n<\/div>\n<\/div>\n<\/div>\n<\/div>\n<\/div>\n<\/div>\n<\/div>\n<\/div>\n<\/div>\n<\/div>\n<\/div>\n<\/div>\n","protected":false},"excerpt":{"rendered":"<div class=\"wpb_text_column wpb_content_element resume\">\n<div class=\"wpb_wrapper\">\n<div class=\"wpb_text_column wpb_content_element resume\">\n<div class=\"wpb_wrapper\">\n<div class=\"wpb_text_column wpb_content_element  resume\">\n<div class=\"wpb_wrapper\">\n<p>Tout \u00e9crit met souvent en sc\u00e8ne le temps et l\u2019espace avec des personnages dans lesquels on s\u2019identifie un peu, beaucoup ou pas du tout. Le premier titre qui me venait \u00e0 l\u2019esprit \u00e9tait d\u2019illustrer l\u2019espace en prenant comme titre de cet essai \u00ab\u00a0<strong><em>Le vertige et le labyrinthe\u00a0\u00bb<\/em><\/strong>\u00a0 parce que l\u2019homme adore finalement se faire peur avec la hauteur, le vide, l\u2019inconnu et le noir*, et que l\u2019homme adore tout autant se perdre dans l\u2019espace horizontal ou vertical, voire, pour y introduire notre humanit\u00e9, un titre plus chaleureux comme <strong><em>\u00ab\u00a0Le vertige au c\u0153ur\u00a0\u00bb,<\/em><\/strong> parce que l\u2019homme ne fait rien de grand sans y mettre son affectivit\u00e9 et tout risquer sur un regard, sur une \u00e9motion, voire mieux encore<strong> \u00ab\u00a0<em>Vertigo\u00a0\u00bb <\/em><\/strong>plus simplement parce que \u00a0l\u2019illusion des sens\u00a0 dans un espace terrestre de plus en plus virtuel supprime tellement vite nos anciens rep\u00e8res<\/p>\n<\/div>\n<\/div>\n<\/div>\n<\/div>\n<\/div>\n<\/div>\n","protected":false},"featured_media":1309,"comment_status":"open","ping_status":"closed","template":"","meta":[],"product_brand":[],"product_cat":[67],"product_tag":[],"class_list":{"0":"post-1406","1":"product","2":"type-product","3":"status-publish","4":"has-post-thumbnail","6":"product_cat-non-classe","8":"first","9":"instock","10":"shipping-taxable","11":"purchasable","12":"product-type-variable","13":"has-default-attributes"},"yoast_head":"<!-- This site is optimized with the Yoast SEO plugin v24.8.1 - https:\/\/yoast.com\/wordpress\/plugins\/seo\/ -->\n<title>LES JALONS DU TEMPS - jacques-guiset<\/title>\n<meta name=\"robots\" content=\"index, follow, max-snippet:-1, max-image-preview:large, max-video-preview:-1\" \/>\n<link rel=\"canonical\" href=\"https:\/\/one-page-copymedia.com\/jacques-guiset\/produit\/les-jalons-du-temps\/\" \/>\n<meta property=\"og:locale\" content=\"fr_FR\" \/>\n<meta property=\"og:type\" content=\"article\" \/>\n<meta property=\"og:title\" content=\"LES JALONS DU TEMPS - jacques-guiset\" \/>\n<meta property=\"og:description\" content=\"Tout \u00e9crit met souvent en sc\u00e8ne le temps et l\u2019espace avec des personnages dans lesquels on s\u2019identifie un peu, beaucoup ou pas du tout. Le premier titre qui me venait \u00e0 l\u2019esprit \u00e9tait d\u2019illustrer l\u2019espace en prenant comme titre de cet essai \u00ab\u00a0Le vertige et le labyrinthe\u00a0\u00bb\u00a0 parce que l\u2019homme adore finalement se faire peur avec la hauteur, le vide, l\u2019inconnu et le noir*, et que l\u2019homme adore tout autant se perdre dans l\u2019espace horizontal ou vertical, voire, pour y introduire notre humanit\u00e9, un titre plus chaleureux comme \u00ab\u00a0Le vertige au c\u0153ur\u00a0\u00bb, parce que l\u2019homme ne fait rien de grand sans y mettre son affectivit\u00e9 et tout risquer sur un regard, sur une \u00e9motion, voire mieux encore \u00ab\u00a0Vertigo\u00a0\u00bb plus simplement parce que \u00a0l\u2019illusion des sens\u00a0 dans un espace terrestre de plus en plus virtuel supprime tellement vite nos anciens rep\u00e8res\" \/>\n<meta property=\"og:url\" content=\"https:\/\/one-page-copymedia.com\/jacques-guiset\/produit\/les-jalons-du-temps\/\" \/>\n<meta property=\"og:site_name\" content=\"jacques-guiset\" \/>\n<meta property=\"article:modified_time\" content=\"2021-12-13T16:36:41+00:00\" \/>\n<meta property=\"og:image\" content=\"https:\/\/one-page-copymedia.com\/jacques-guiset\/wp-content\/uploads\/sites\/16\/2014\/11\/PREMIERE-DE-COUVERTURE-DES-JALONS-DU-TEMPS--740x1024.jpg\" \/>\n\t<meta property=\"og:image:width\" content=\"740\" \/>\n\t<meta property=\"og:image:height\" content=\"1024\" \/>\n\t<meta property=\"og:image:type\" content=\"image\/jpeg\" \/>\n<meta name=\"twitter:card\" content=\"summary_large_image\" \/>\n<meta name=\"twitter:label1\" content=\"Dur\u00e9e de lecture estim\u00e9e\" \/>\n\t<meta name=\"twitter:data1\" content=\"3 minutes\" \/>\n<script type=\"application\/ld+json\" class=\"yoast-schema-graph\">{\"@context\":\"https:\/\/schema.org\",\"@graph\":[{\"@type\":\"WebPage\",\"@id\":\"https:\/\/one-page-copymedia.com\/jacques-guiset\/produit\/les-jalons-du-temps\/\",\"url\":\"https:\/\/one-page-copymedia.com\/jacques-guiset\/produit\/les-jalons-du-temps\/\",\"name\":\"LES JALONS DU TEMPS - jacques-guiset\",\"isPartOf\":{\"@id\":\"https:\/\/one-page-copymedia.com\/jacques-guiset\/#website\"},\"primaryImageOfPage\":{\"@id\":\"https:\/\/one-page-copymedia.com\/jacques-guiset\/produit\/les-jalons-du-temps\/#primaryimage\"},\"image\":{\"@id\":\"https:\/\/one-page-copymedia.com\/jacques-guiset\/produit\/les-jalons-du-temps\/#primaryimage\"},\"thumbnailUrl\":\"https:\/\/one-page-copymedia.com\/jacques-guiset\/wp-content\/uploads\/sites\/16\/2014\/11\/PREMIERE-DE-COUVERTURE-DES-JALONS-DU-TEMPS-.jpg\",\"datePublished\":\"2021-12-13T16:35:15+00:00\",\"dateModified\":\"2021-12-13T16:36:41+00:00\",\"breadcrumb\":{\"@id\":\"https:\/\/one-page-copymedia.com\/jacques-guiset\/produit\/les-jalons-du-temps\/#breadcrumb\"},\"inLanguage\":\"fr-FR\",\"potentialAction\":[{\"@type\":\"ReadAction\",\"target\":[\"https:\/\/one-page-copymedia.com\/jacques-guiset\/produit\/les-jalons-du-temps\/\"]}]},{\"@type\":\"ImageObject\",\"inLanguage\":\"fr-FR\",\"@id\":\"https:\/\/one-page-copymedia.com\/jacques-guiset\/produit\/les-jalons-du-temps\/#primaryimage\",\"url\":\"https:\/\/one-page-copymedia.com\/jacques-guiset\/wp-content\/uploads\/sites\/16\/2014\/11\/PREMIERE-DE-COUVERTURE-DES-JALONS-DU-TEMPS-.jpg\",\"contentUrl\":\"https:\/\/one-page-copymedia.com\/jacques-guiset\/wp-content\/uploads\/sites\/16\/2014\/11\/PREMIERE-DE-COUVERTURE-DES-JALONS-DU-TEMPS-.jpg\",\"width\":1824,\"height\":2524},{\"@type\":\"BreadcrumbList\",\"@id\":\"https:\/\/one-page-copymedia.com\/jacques-guiset\/produit\/les-jalons-du-temps\/#breadcrumb\",\"itemListElement\":[{\"@type\":\"ListItem\",\"position\":1,\"name\":\"Accueil\",\"item\":\"https:\/\/one-page-copymedia.com\/jacques-guiset\/\"},{\"@type\":\"ListItem\",\"position\":2,\"name\":\"LES JALONS DU TEMPS\"}]},{\"@type\":\"WebSite\",\"@id\":\"https:\/\/one-page-copymedia.com\/jacques-guiset\/#website\",\"url\":\"https:\/\/one-page-copymedia.com\/jacques-guiset\/\",\"name\":\"jacques-guiset\",\"description\":\"LE BIJOU DANS LA COQUILLE\",\"potentialAction\":[{\"@type\":\"SearchAction\",\"target\":{\"@type\":\"EntryPoint\",\"urlTemplate\":\"https:\/\/one-page-copymedia.com\/jacques-guiset\/?s={search_term_string}\"},\"query-input\":{\"@type\":\"PropertyValueSpecification\",\"valueRequired\":true,\"valueName\":\"search_term_string\"}}],\"inLanguage\":\"fr-FR\"}]}<\/script>\n<!-- \/ Yoast SEO plugin. -->","yoast_head_json":{"title":"LES JALONS DU TEMPS - jacques-guiset","robots":{"index":"index","follow":"follow","max-snippet":"max-snippet:-1","max-image-preview":"max-image-preview:large","max-video-preview":"max-video-preview:-1"},"canonical":"https:\/\/one-page-copymedia.com\/jacques-guiset\/produit\/les-jalons-du-temps\/","og_locale":"fr_FR","og_type":"article","og_title":"LES JALONS DU TEMPS - jacques-guiset","og_description":"Tout \u00e9crit met souvent en sc\u00e8ne le temps et l\u2019espace avec des personnages dans lesquels on s\u2019identifie un peu, beaucoup ou pas du tout. Le premier titre qui me venait \u00e0 l\u2019esprit \u00e9tait d\u2019illustrer l\u2019espace en prenant comme titre de cet essai \u00ab\u00a0Le vertige et le labyrinthe\u00a0\u00bb\u00a0 parce que l\u2019homme adore finalement se faire peur avec la hauteur, le vide, l\u2019inconnu et le noir*, et que l\u2019homme adore tout autant se perdre dans l\u2019espace horizontal ou vertical, voire, pour y introduire notre humanit\u00e9, un titre plus chaleureux comme \u00ab\u00a0Le vertige au c\u0153ur\u00a0\u00bb, parce que l\u2019homme ne fait rien de grand sans y mettre son affectivit\u00e9 et tout risquer sur un regard, sur une \u00e9motion, voire mieux encore \u00ab\u00a0Vertigo\u00a0\u00bb plus simplement parce que \u00a0l\u2019illusion des sens\u00a0 dans un espace terrestre de plus en plus virtuel supprime tellement vite nos anciens rep\u00e8res","og_url":"https:\/\/one-page-copymedia.com\/jacques-guiset\/produit\/les-jalons-du-temps\/","og_site_name":"jacques-guiset","article_modified_time":"2021-12-13T16:36:41+00:00","og_image":[{"width":740,"height":1024,"url":"https:\/\/one-page-copymedia.com\/jacques-guiset\/wp-content\/uploads\/sites\/16\/2014\/11\/PREMIERE-DE-COUVERTURE-DES-JALONS-DU-TEMPS--740x1024.jpg","type":"image\/jpeg"}],"twitter_card":"summary_large_image","twitter_misc":{"Dur\u00e9e de lecture estim\u00e9e":"3 minutes"},"schema":{"@context":"https:\/\/schema.org","@graph":[{"@type":"WebPage","@id":"https:\/\/one-page-copymedia.com\/jacques-guiset\/produit\/les-jalons-du-temps\/","url":"https:\/\/one-page-copymedia.com\/jacques-guiset\/produit\/les-jalons-du-temps\/","name":"LES JALONS DU TEMPS - jacques-guiset","isPartOf":{"@id":"https:\/\/one-page-copymedia.com\/jacques-guiset\/#website"},"primaryImageOfPage":{"@id":"https:\/\/one-page-copymedia.com\/jacques-guiset\/produit\/les-jalons-du-temps\/#primaryimage"},"image":{"@id":"https:\/\/one-page-copymedia.com\/jacques-guiset\/produit\/les-jalons-du-temps\/#primaryimage"},"thumbnailUrl":"https:\/\/one-page-copymedia.com\/jacques-guiset\/wp-content\/uploads\/sites\/16\/2014\/11\/PREMIERE-DE-COUVERTURE-DES-JALONS-DU-TEMPS-.jpg","datePublished":"2021-12-13T16:35:15+00:00","dateModified":"2021-12-13T16:36:41+00:00","breadcrumb":{"@id":"https:\/\/one-page-copymedia.com\/jacques-guiset\/produit\/les-jalons-du-temps\/#breadcrumb"},"inLanguage":"fr-FR","potentialAction":[{"@type":"ReadAction","target":["https:\/\/one-page-copymedia.com\/jacques-guiset\/produit\/les-jalons-du-temps\/"]}]},{"@type":"ImageObject","inLanguage":"fr-FR","@id":"https:\/\/one-page-copymedia.com\/jacques-guiset\/produit\/les-jalons-du-temps\/#primaryimage","url":"https:\/\/one-page-copymedia.com\/jacques-guiset\/wp-content\/uploads\/sites\/16\/2014\/11\/PREMIERE-DE-COUVERTURE-DES-JALONS-DU-TEMPS-.jpg","contentUrl":"https:\/\/one-page-copymedia.com\/jacques-guiset\/wp-content\/uploads\/sites\/16\/2014\/11\/PREMIERE-DE-COUVERTURE-DES-JALONS-DU-TEMPS-.jpg","width":1824,"height":2524},{"@type":"BreadcrumbList","@id":"https:\/\/one-page-copymedia.com\/jacques-guiset\/produit\/les-jalons-du-temps\/#breadcrumb","itemListElement":[{"@type":"ListItem","position":1,"name":"Accueil","item":"https:\/\/one-page-copymedia.com\/jacques-guiset\/"},{"@type":"ListItem","position":2,"name":"LES JALONS DU TEMPS"}]},{"@type":"WebSite","@id":"https:\/\/one-page-copymedia.com\/jacques-guiset\/#website","url":"https:\/\/one-page-copymedia.com\/jacques-guiset\/","name":"jacques-guiset","description":"LE BIJOU DANS LA COQUILLE","potentialAction":[{"@type":"SearchAction","target":{"@type":"EntryPoint","urlTemplate":"https:\/\/one-page-copymedia.com\/jacques-guiset\/?s={search_term_string}"},"query-input":{"@type":"PropertyValueSpecification","valueRequired":true,"valueName":"search_term_string"}}],"inLanguage":"fr-FR"}]}},"_links":{"self":[{"href":"https:\/\/one-page-copymedia.com\/jacques-guiset\/wp-json\/wp\/v2\/product\/1406","targetHints":{"allow":["GET"]}}],"collection":[{"href":"https:\/\/one-page-copymedia.com\/jacques-guiset\/wp-json\/wp\/v2\/product"}],"about":[{"href":"https:\/\/one-page-copymedia.com\/jacques-guiset\/wp-json\/wp\/v2\/types\/product"}],"replies":[{"embeddable":true,"href":"https:\/\/one-page-copymedia.com\/jacques-guiset\/wp-json\/wp\/v2\/comments?post=1406"}],"wp:featuredmedia":[{"embeddable":true,"href":"https:\/\/one-page-copymedia.com\/jacques-guiset\/wp-json\/wp\/v2\/media\/1309"}],"wp:attachment":[{"href":"https:\/\/one-page-copymedia.com\/jacques-guiset\/wp-json\/wp\/v2\/media?parent=1406"}],"wp:term":[{"taxonomy":"product_brand","embeddable":true,"href":"https:\/\/one-page-copymedia.com\/jacques-guiset\/wp-json\/wp\/v2\/product_brand?post=1406"},{"taxonomy":"product_cat","embeddable":true,"href":"https:\/\/one-page-copymedia.com\/jacques-guiset\/wp-json\/wp\/v2\/product_cat?post=1406"},{"taxonomy":"product_tag","embeddable":true,"href":"https:\/\/one-page-copymedia.com\/jacques-guiset\/wp-json\/wp\/v2\/product_tag?post=1406"}],"curies":[{"name":"wp","href":"https:\/\/api.w.org\/{rel}","templated":true}]}}